, 5
Suppose -5557 = -c - 2*x + 4276, -5*x = c - 9818. List the prime factors of c.
3, 17, 193
Let s = -75940 + 132058. What are the prime factors of s?
2, 3, 47, 199
Let z = 1395 - -3087. What are the prime factors of z?
2, 3, 83
Let u = -31 - -34. Let m(w) = 2*w**2 - 6*w + 3. Let p be m(u). Suppose h = -2*g + 237, p*g + 2*h = 570 - 216. List the prime factors of g.
2, 3, 5
Let c(y) = 8*y + 18. Let z be c(0). Let p = 83 - 30. Suppose -g + z = -p. What are the prime factors of g?
71
Suppose -7*g - 37*g - 13*g = 0. Suppose 8*q + 4*q - 4128 = g. List the prime factors of q.
2, 43
Suppose -5*p + 3*o = 9 - 32, -4*p + 3*o + 19 = 0. Suppose -5002 = -4*u - 2*g, -3*u - p*g - 851 = -4590. What are the prime factors of u?
7, 179
Let m be ((4 - 2)*-1)/2 + 21. Let k be (2 + (-168)/30)/((-6)/m). List the prime factors of (-2)/12 + 1742/k.
5, 29
Suppose -34*p + 1611512 = 15*p. What are the prime factors of p?
2, 4111
Let w = 190 + -182. What are the prime factors of (5 - (-22)/(-4))*w - -1078?
2, 3, 179
Suppose -41*w = -46*w + 30. Let y(r) = 6*r + 5*r - w + 2*r + 2. What are the prime factors of y(4)?
2, 3
Let h(y) = 3*y**3 + 9*y**2 - 5*y + 134. List the prime factors of h(16).
2, 3, 2441
What are the prime factors of (-2)/(-5) - (21 + (-194288)/80)?
2, 7, 43
Let l = 158 - 229. Let j = -69 - l. Suppose j*z - a = -z + 347, 4*z = -3*a + 467. List the prime factors of z.
2, 29
Suppose -5*f - 3*f = -144. Suppose f = -11*d + 2*d. What are the prime factors of (d/8 + 1)*112?
2, 3, 7
Suppose 3*u = -5*s - 9, 0 = 2*s + 3*s - 4*u + 23. Let o be 15/(-45) + (-751)/s. Suppose 5*k = 10*k - o. What are the prime factors of k?
2, 5
Let r(c) = 25*c - 35. Let q(l) = -12*l + 17. Let x(p) = 7*q(p) + 3*r(p). Let g = 100 + -105. List the prime factors of x(g).
59
Let v(i) = 4*i + 30. Let u(m) = m**2 + 22*m + 17. Suppose 76 = -3*q + 5*d, 7*d = 4*q + 4*d + 94. Let s be u(q). What are the prime factors of v(s)?
2, 7
Let g = 14680 + -8927. List the prime factors of g.
11, 523
Let w = 12463 - -2520. What are the prime factors of w?
14983
Let j(y) = 13*y + 115. Let s be j(-7). Let r = -67 - -98. Suppose -29*b - s = -r*b. What are the prime factors of b?
2, 3
Suppose -7*i = -22 + 1. Suppose 5*m = -2*y + 2260, -i*m + 10*y + 1347 = 13*y. List the prime factors of m.
2, 227
Let d(m) = -m**2 - 3*m + 12. Let l be d(-6). Let u = l - 0. What are the prime factors of (-5)/30 + (-307)/u?
3, 17
Let z = 149 - 11. Let y = z - -118. List the prime factors of y.
2
List the prime factors of 9 + (15090 - 1 - (61 + -65)).
2, 3, 839
Let j be 12/(-8)*2/(-3) - 1. Suppose 23 - 1406 = -5*y - v, 5*y - v - 1377 = j. Suppose -3*a + y = a. List the prime factors of a.
3, 23
Let k = 10866 + -3780. What are the prime factors of k?
2, 3, 1181
Suppose 259*f - 21312 = 255*f. List the prime factors of f.
2, 3, 37
What are the prime factors of 3262 - (-22 - (5 + -16))?
3, 1091
Suppose h + 5*p = -799, 1398 = -3*h + 4*p - 980. Let q = h + 1585. What are the prime factors of q?
7, 113
Let t(v) = 7*v**2 + 215*v - 3731. What are the prime factors of t(-115)?
3, 11, 29, 67
Let a(l) = 2*l**2 - 3*l - 1. Let m be a(3). Suppose 7*j = m*j - 1. List the prime factors of 57 - (j + 0)*-3.
2, 3, 5
Let h = -2652 + 2726. Let l(j) = -j**2 - 4*j. Let v be l(-6). Let r = v + h. List the prime factors of r.
2, 31
Let h(b) = 143*b - 5. Let n be h(11). Suppose 0*y = -14*y + n. List the prime factors of y.
2, 7
Suppose -5*i - 27 = -d, -d + 15 = -5*i + 6*i. Suppose -2*p - d*p + 12673 = 0. List the prime factors of p.
23, 29
Let y = -332 - -693. Let h be 1 + y - (-3 + (-3 - -10)). Suppose -5*l + 272 = -h. What are the prime factors of l?
2, 3, 7
Let j = -81310 - -119200. List the prime factors of j.
2, 3, 5, 421
Suppose -4*f + 286 - 58 = 0. Suppose 3*a - 2*k - 176 = 0, -12*a + 11*a - k + f = 0. What are the prime factors of a?
2, 29
Let a(c) = -c**2 - 8*c + 24. Let i be a(-10). Let r be ((-10496)/i)/4*10/(-8). Suppose 0 = -5*n + 5*z + 860, -r = 5*n - 10*n - 5*z. List the prime factors of n.
2, 3, 7
Suppose 53 + 56 = 5*k - 3*c, -3*k = -5*c - 75. Let i(t) = 17*t - 55. List the prime factors of i(k).
3, 5, 19
Suppose -5*m + 2*j + 5207 = 79, m - 4*j - 1040 = 0. Suppose 0 = -g - k + 263, -3*g - 5*k + m - 241 = 0. List the prime factors of g.
2, 7, 19
Let c(s) be the third derivative of -28*s**2 + 0*s - 1/3*s**4 + 0 + 4/3*s**3. What are the prime factors of c(-9)?
2, 5
Suppose -111*v + 1119253 + 1333181 = 0. What are the prime factors of v?
2, 11047
Let w(f) = 3*f**2 + 6*f - 6. Let k be w(-4). Let p(d) = d**2 - 40*d + 41. Let s be p(k). Let x = -186 - s. List the prime factors of x.
13
Suppose -2*j - 4*u + 23 = 3, 0 = 4*j + 3*u - 60. Suppose -3*f + 1603 = -j*c + 14*c, -2133 = -4*f + c. List the prime factors of f.
13, 41
Let h(z) = z**3 - 8*z**2 + 5*z - 11. Suppose 0*n = -5*n, w - 21 = 3*n. Suppose 0*a + 2*a + 3*t = w, 5*t = -2*a + 23. List the prime factors of h(a).
5, 23
Let y(o) = -44*o - 18. Let v be y(-8). Let n = v + -271. List the prime factors of n.
3, 7
Suppose 0 = -37*x + 57*x - 20. List the prime factors of (-35 - -46)*x*103.
11, 103
Let w be 80 - 2*(-2)/(-4). Let c = -117 + 117. Suppose s - w + 24 = c. List the prime factors of s.
5, 11
Suppose 0 = 13*r - 10*r + 24. What are the prime factors of (-2)/((12/(-528))/((-39)/r))?
3, 11, 13
Suppose 0 = -0*s + 5*s + 3*g - 29223, -2*g + 11686 = 2*s. Suppose 22*c - s - 1611 = 0. What are the prime factors of c?
3, 113
Let c = 9985 + 19331. What are the prime factors of c?
2, 3, 7, 349
List the prime factors of (-328117)/34*(6/(-15))/((-9)/(-90)).
2, 19301
Suppose 0 = 27*q - 29*q - 2630. Let m = -837 - q. Suppose -m = -4*p + 2*t - 76, t - 108 = -p. What are the prime factors of p?
103
Let t(k) = 486*k**2 + 3*k + 3. Let q be t(-1). What are the prime factors of q - 24/9*(-12)/8?
2, 5, 7
Suppose 61*p - 57*p + 10928 = 4*m, -5*m + 4*p + 13655 = 0. What are the prime factors of m?
3, 101
Let j(i) = -12*i + 87. Let g be j(7). Suppose -531 = -3*x - f, g*x + 2*x = -2*f + 885. What are the prime factors of x?
3, 59
Suppose 6080 = 10*m - 8*m. Suppose 6*u - 434 = m. List the prime factors of u.
3, 193
Let i be 2/9 + 403/9. Let x = -339 + 359. Let a = x + i. What are the prime factors of a?
5, 13
Suppose 2*i - 42775 = -40*f + 41*f, -5*i - 4*f = -106892. What are the prime factors of i?
2, 3, 11
Let q = 172497 - 118950. Suppose -83*l + q = -44*l. List the prime factors of l.
1373
Suppose 0 = 39*y - 45*y + 50316. List the prime factors of 2/(-6) - 13/((-273)/y).
3, 7, 19
Let x(k) = 4*k**2 + 3*k + 2358. Let p be x(0). Suppose 0 = 4*u - 2*i - p, 5*i - 11 - 14 = 0. List the prime factors of u.
2, 37
Suppose 109*h - 132384 - 55076 = 81*h. List the prime factors of h.
5, 13, 103
Let q be (-9)/24*-12*-2. Let s(g) = 2 + 2*g**2 - 8 - 7. What are the prime factors of s(q)?
149
Let p = 14538 - 30370. What are the prime factors of (-4)/(-7) + (p/(-28) - 0)?
2, 283
Let f = 54 - 50. Suppose -2*i + f*i = 64. Let b = i - 29. What are the prime factors of b?
3
Let w(k) = -6*k + 13*k - 19 - 3*k + k**2. Let i be w(-8). What are the prime factors of 4 + ((-22)/143 - (-834)/i)?
2, 17
Suppose 14*i + 11 = -17. Let r be (14/42)/((4/(-6))/i). List the prime factors of ((-5)/10)/(r/(290/(-1))).
5, 29
Let x be (-4)/(-14) - (-2178)/(-77). Let v be (1 + 4 - 3)*17. Let l = v + x. What are the prime factors of l?
2, 3
Let m = 11771 + -6114. What are the prime factors of m?
5657
Let u = 45110 + -32101. List the prime factors of u.
13009
Suppose -d + 593 = 201. Suppose x - d = 5*j, -5*x = -j + 2*j - 1960. Suppose -56 = 5*h - 3*v - x, 2*h - 5*v = 123. What are the prime factors of h?
3, 23
Suppose -16 + 24 = p. Suppose -p = -4*x, -4*x = 3*n - 7*n + 2104. List the prime factors of n.
2, 3, 11
Let u = -880 + 6076. List the prime factors of u.
2, 3, 433
Suppose -139*f + 278*f - 134*f = 29625. List the prime factors of f.
3, 5, 79
Suppose -3*u + 3*j = -183 - 78, -u = -3*j - 83. Let q = u + -11. Let y = q - 25. List the prime factors of y.
53
Let t(n) = -n + 1085. Suppose 8*j = -5*j + 3*j. What are the prime factors of t(j)?
5, 7, 31
Let t be (185 + 0)*(40/25)/1. Let y = 777 - t. What are the prime factors of y?
13, 37
List the prime factors of ((-185)/15)/((-4 - -10)/(-7542)).
37, 419
Suppose -3*k + u + 1 = 0, 4*k + 0*u + 3*u = 10. Let g be 8/